{"id":3817,"date":"2022-07-07T14:21:18","date_gmt":"2022-07-07T12:21:18","guid":{"rendered":"https:\/\/www.bscf-chiemsee.de\/wordpress\/?page_id=3817"},"modified":"2022-07-07T14:37:38","modified_gmt":"2022-07-07T12:37:38","slug":"vereinschronik-2018","status":"publish","type":"page","link":"https:\/\/www.bscf-chiemsee.de\/wordpress\/?page_id=3817","title":{"rendered":"Vereinschronik 2018"},"content":{"rendered":"\n<figure class=\"wp-block-image size-full\"><a href=\"https:\/\/www.bscf-chiemsee.de\/wordpress\/wp-content\/uploads\/2022\/05\/BSCF-Logo-q-edited.gif\"><img loading=\"lazy\" decoding=\"async\" width=\"512\" height=\"341\" src=\"https:\/\/www.bscf-chiemsee.de\/wordpress\/wp-content\/uploads\/2022\/05\/BSCF-Logo-q-edited.gif\" alt=\"\" class=\"wp-image-3748\"\/><\/a><\/figure>\n\n\n\n<h2 class=\"wp-block-heading\">Vorstand<\/h2>\n\n\n\n<figure class=\"wp-block-table\"><table><tbody><tr><td class=\"has-text-align-left\" data-align=\"left\">1. Vorsitzender:<\/td><td><\/td><td>Gerold Bergen<\/td><\/tr><tr><td class=\"has-text-align-left\" data-align=\"left\">2. Vorsitzender:<\/td><td><\/td><td>Todd Martin<\/td><\/tr><tr><td class=\"has-text-align-left\" data-align=\"left\">Kassier:<\/td><td><\/td><td>Rudi Grichtmaier<\/td><\/tr><tr><td class=\"has-text-align-left\" data-align=\"left\">Schriftf\u00fchrer:<\/td><td><\/td><td>Alexander Brandstetter<\/td><\/tr><tr><td class=\"has-text-align-left\" data-align=\"left\">Sportwart:<\/td><td><\/td><td>Stephan Roth<\/td><\/tr><tr><td class=\"has-text-align-left\" data-align=\"left\">Jugendleiter:<\/td><td><\/td><td>Wolfgang Inninger<\/td><\/tr><tr><td class=\"has-text-align-left\" data-align=\"left\">Hafenwart:<\/td><td><\/td><td>Klaus Breitlow<\/td><\/tr><tr><td class=\"has-text-align-left\" data-align=\"left\"><\/td><td><\/td><td><\/td><\/tr><tr><td class=\"has-text-align-left\" data-align=\"left\">Umweltschutz-Beauftragter:<\/td><td><\/td><td>Peter Wernsd\u00f6rfer<\/td><\/tr><\/tbody><\/table><\/figure>\n\n\n\n<h2 class=\"wp-block-heading\">Mitglieder<\/h2>\n\n\n\n<p class=\"has-text-align-center\"><strong>Insgesamt 331 Mitglieder<\/strong><\/p>\n\n\n\n<figure class=\"wp-block-table\"><table><tbody><tr><td>Erwachsene:<\/td><td>277<\/td><td>Weiblich:<\/td><td>110<\/td><\/tr><tr><td>Jugendliche:<\/td><td>27<\/td><td>M\u00e4nnlich:<\/td><td>221<\/td><\/tr><tr><td>Kinder:<\/td><td>27<\/td><td><\/td><td><\/td><\/tr><\/tbody><\/table><\/figure>\n\n\n\n<h2 class=\"wp-block-heading\">Verstorbene Mitglieder<\/h2>\n\n\n\n<figure class=\"wp-block-table\"><table><tbody><tr><td>Anrede<\/td><td>Vorname<\/td><td>Nachname<\/td><td>Geboren<\/td><td>Verstorben<\/td><\/tr><tr><td>Herr<\/td><td>Josef<\/td><td>Meltl<\/td><td>16.12.1938<\/td><td>15.1.2018<\/td><\/tr><tr><td>Herr<\/td><td>Ernst<\/td><td>Krattenmacher<\/td><td>1.1.1958<\/td><td>15.4.2018<\/td><\/tr><tr><td>Herr<\/td><td>Peter<\/td><td>Teisl<\/td><td>14.5.1948<\/td><td>2.5.2018<\/td><\/tr><\/tbody><\/table><\/figure>\n\n\n\n<h2 class=\"wp-block-heading\">Beitr\u00e4ge<\/h2>\n\n\n\n<div class=\"wp-block-query is-layout-flow wp-block-query-is-layout-flow\"><ul class=\"is-flex-container columns-3 wp-block-post-template is-layout-flow wp-block-post-template-is-layout-flow\"><li class=\"wp-block-post post-2497 post type-post status-publish format-standard hentry category-club category-jugend category-regatta tag-c2018\">\n\n<div class=\"wp-block-group\" style=\"padding-top:30px;padding-right:30px;padding-bottom:30px;padding-left:30px\"><div class=\"wp-block-group__inner-container is-layout-flow wp-block-group-is-layout-flow\"><h2 class=\"wp-block-post-title\"><a href=\"https:\/\/www.bscf-chiemsee.de\/wordpress\/?p=2497\" target=\"_self\" >Herbstpokal des S\u00fcdens<\/a><\/h2>\n\n<div class=\"wp-block-post-excerpt\"><p class=\"wp-block-post-excerpt__excerpt\">Dem Bernauer Segel-Club e.V. Felden war es eine gro\u00dfe Ehre den diesj\u00e4hrigen \u201eHerbstpokal des S\u00fcdens\u201c am 20. und 21. Oktober ausrichten zu d\u00fcrfen. Als kleine Schwester des \u201eHerbstpokals des Nordens\u201c (Schwerin) bot diese Herbstregatta den Teilnehmern die M\u00f6glichkeit ihr K\u00f6nnen auf dem J\u00fcngstenboot OPTIMIST unter Beweis zu stellen. Dazu kam die junge Elite dieser Segelklasse&hellip; <\/p><\/div>\n\n<div class=\"wp-block-post-date\"><time datetime=\"2018-10-26T15:56:13+02:00\">26. Oktober 2018<\/time><\/div><\/div><\/div>\n\n<\/li><li class=\"wp-block-post post-2127 post type-post status-publish format-standard hentry category-aktuelles category-regatta tag-c2018\">\n\n<div class=\"wp-block-group\" style=\"padding-top:30px;padding-right:30px;padding-bottom:30px;padding-left:30px\"><div class=\"wp-block-group__inner-container is-layout-flow wp-block-group-is-layout-flow\"><h2 class=\"wp-block-post-title\"><a href=\"https:\/\/www.bscf-chiemsee.de\/wordpress\/?p=2127\" target=\"_self\" >IKM Z-Jolle<\/a><\/h2>\n\n<div class=\"wp-block-post-excerpt\"><p class=\"wp-block-post-excerpt__excerpt\">Herzlichen Gl\u00fcckwunsch an Peter Wernsd\u00f6rfer und Crew zum Sieg bei der internationalen Klassenmeisterschaft der 20 er Rennjolle. <\/p><\/div>\n\n<div class=\"wp-block-post-date\"><time datetime=\"2018-08-20T06:39:14+02:00\">20. August 2018<\/time><\/div><\/div><\/div>\n\n<\/li><li class=\"wp-block-post post-2118 post type-post status-publish format-standard hentry category-aktuelles category-club tag-c2018\">\n\n<div class=\"wp-block-group\" style=\"padding-top:30px;padding-right:30px;padding-bottom:30px;padding-left:30px\"><div class=\"wp-block-group__inner-container is-layout-flow wp-block-group-is-layout-flow\"><h2 class=\"wp-block-post-title\"><a href=\"https:\/\/www.bscf-chiemsee.de\/wordpress\/?p=2118\" target=\"_self\" >Kreuz und Quer<\/a><\/h2>\n\n<div class=\"wp-block-post-excerpt\"><p class=\"wp-block-post-excerpt__excerpt\">Datum: 21.7.2018, Skippermeeting: 11:30, Start: 12:00 Uhr Meldung unter Menuepunkt &#8218;Regatta&#8216; oder Am Samstag vor Ort. <\/p><\/div>\n\n<div class=\"wp-block-post-date\"><time datetime=\"2018-07-19T22:00:45+02:00\">19. Juli 2018<\/time><\/div><\/div><\/div>\n\n<\/li><li class=\"wp-block-post post-2116 post type-post status-publish format-standard hentry category-aktuelles category-regatta tag-c2018\">\n\n<div class=\"wp-block-group\" style=\"padding-top:30px;padding-right:30px;padding-bottom:30px;padding-left:30px\"><div class=\"wp-block-group__inner-container is-layout-flow wp-block-group-is-layout-flow\"><h2 class=\"wp-block-post-title\"><a href=\"https:\/\/www.bscf-chiemsee.de\/wordpress\/?p=2116\" target=\"_self\" >Herzlichen Gl\u00fcckwunsch Peter zum blauen Band!<\/a><\/h2>\n\n<div class=\"wp-block-post-excerpt\"><p class=\"wp-block-post-excerpt__excerpt\">Die Regatta am 23.06.2018 um das \u00bbBlaue Band\u00ab des CYC war auch die zweite Regatta der Chiemseemeisterschaft. Das Blaue Band schnappte es sich Peter Wernsd\u00f6rfer mit seiner Crew. Gl\u00fcckwunsch! <\/p><\/div>\n\n<div class=\"wp-block-post-date\"><time datetime=\"2018-07-05T21:49:21+02:00\">5. Juli 2018<\/time><\/div><\/div><\/div>\n\n<\/li><li class=\"wp-block-post post-2107 post type-post status-publish format-standard hentry category-jugend category-regatta tag-29er tag-29er-sailing tag-bscf tag-bscf-jugend tag-c2018 tag-jugend tag-regatta tag-skiff tag-sturm\">\n\n<div class=\"wp-block-group\" style=\"padding-top:30px;padding-right:30px;padding-bottom:30px;padding-left:30px\"><div class=\"wp-block-group__inner-container is-layout-flow wp-block-group-is-layout-flow\"><h2 class=\"wp-block-post-title\"><a href=\"https:\/\/www.bscf-chiemsee.de\/wordpress\/?p=2107\" target=\"_self\" >29er LJM Sachsen-Zwenkauer See<\/a><\/h2>\n\n<div class=\"wp-block-post-excerpt\"><p class=\"wp-block-post-excerpt__excerpt\">In der zweiten Pfingstferienwoche sind Mirmel und ich mit Mickey und noch zwei anderen Teams nach Leipzig gefahren. Zuerst haben wir drei Tage Training gemacht und dann sind wir am Wochenende noch bei der LJM mitgefahren. Wir haben alle zusammen in einer gro\u00dfen Wohnung direkt neben dem Hafen gewohnt, was echt angenehm war. Obwohl wir&hellip; <\/p><\/div>\n\n<div class=\"wp-block-post-date\"><time datetime=\"2018-06-07T21:09:34+02:00\">7. Juni 2018<\/time><\/div><\/div><\/div>\n\n<\/li><li class=\"wp-block-post post-2100 post type-post status-publish format-standard hentry category-aktuelles tag-c2018\">\n\n<div class=\"wp-block-group\" style=\"padding-top:30px;padding-right:30px;padding-bottom:30px;padding-left:30px\"><div class=\"wp-block-group__inner-container is-layout-flow wp-block-group-is-layout-flow\"><h2 class=\"wp-block-post-title\"><a href=\"https:\/\/www.bscf-chiemsee.de\/wordpress\/?p=2100\" target=\"_self\" >Nachruf Peter Teisl<\/a><\/h2>\n\n<div class=\"wp-block-post-excerpt\"><p class=\"wp-block-post-excerpt__excerpt\">Der Mann der ersten Stunde ist nicht mehr. Peter Teisl, Initiator und Gr\u00fcndungsmitglied des Bernauer Segel-Club e.V. Felden ist verstorben. Im April 1968 sammelte er Gleichgesinnte um sich, um einen Segelverein zu gr\u00fcnden, der f\u00fcr jeden erschwinglich war. Diesen Grundsatz hat er als Erbe dem Verein hinterlassen. Peter Teisl war nicht nur Gr\u00fcndungsmitglied, er f\u00fchrte&hellip; <\/p><\/div>\n\n<div class=\"wp-block-post-date\"><time datetime=\"2018-06-07T11:34:20+02:00\">7. Juni 2018<\/time><\/div><\/div><\/div>\n\n<\/li><\/ul><\/div>\n","protected":false},"excerpt":{"rendered":"<p>Vorstand 1. Vorsitzender: Gerold Bergen 2. Vorsitzender: Todd Martin Kassier: Rudi Grichtmaier Schriftf\u00fchrer: Alexander Brandstetter Sportwart: Stephan Roth Jugendleiter: Wolfgang Inninger Hafenwart: Klaus Breitlow Umweltschutz-Beauftragter: Peter Wernsd\u00f6rfer Mitglieder Insgesamt 331 Mitglieder Erwachsene: 277 Weiblich: 110 Jugendliche: 27 M\u00e4nnlich: 221 Kinder: 27 Verstorbene Mitglieder Anrede Vorname Nachname Geboren Verstorben Herr Josef Meltl 16.12.1938 15.1.2018 Herr Ernst [&hellip;]<\/p>\n","protected":false},"author":1,"featured_media":0,"parent":0,"menu_order":0,"comment_status":"closed","ping_status":"closed","template":"","meta":{"footnotes":""},"class_list":["post-3817","page","type-page","status-publish","hentry"],"_links":{"self":[{"href":"https:\/\/www.bscf-chiemsee.de\/wordpress\/index.php?rest_route=\/wp\/v2\/pages\/3817","targetHints":{"allow":["GET"]}}],"collection":[{"href":"https:\/\/www.bscf-chiemsee.de\/wordpress\/index.php?rest_route=\/wp\/v2\/pages"}],"about":[{"href":"https:\/\/www.bscf-chiemsee.de\/wordpress\/index.php?rest_route=\/wp\/v2\/types\/page"}],"author":[{"embeddable":true,"href":"https:\/\/www.bscf-chiemsee.de\/wordpress\/index.php?rest_route=\/wp\/v2\/users\/1"}],"replies":[{"embeddable":true,"href":"https:\/\/www.bscf-chiemsee.de\/wordpress\/index.php?rest_route=%2Fwp%2Fv2%2Fcomments&post=3817"}],"version-history":[{"count":3,"href":"https:\/\/www.bscf-chiemsee.de\/wordpress\/index.php?rest_route=\/wp\/v2\/pages\/3817\/revisions"}],"predecessor-version":[{"id":3823,"href":"https:\/\/www.bscf-chiemsee.de\/wordpress\/index.php?rest_route=\/wp\/v2\/pages\/3817\/revisions\/3823"}],"wp:attachment":[{"href":"https:\/\/www.bscf-chiemsee.de\/wordpress\/index.php?rest_route=%2Fwp%2Fv2%2Fmedia&parent=3817"}],"curies":[{"name":"wp","href":"https:\/\/api.w.org\/{rel}","templated":true}]}}

<figure class="wp-block-image size-full"><a href="https://www.bscf-chiemsee.de/wordpress/wp-content/uploads/2022/05/BSCF-Logo-q-edited.gif"><img loading="lazy" decoding="async" width="512" height="341" src="https://www.bscf-chiemsee.de/wordpress/wp-content/uploads/2022/05/BSCF-Logo-q-edited.gif" alt="" class="wp-image-3748"/></a></figure>



<h2 class="wp-block-heading">Vorstand</h2>



<figure class="wp-block-table"><table><tbody><tr><td class="has-text-align-left" data-align="left">1. Vorsitzender:</td><td></td><td>Gerold Bergen</td></tr><tr><td class="has-text-align-left" data-align="left">2. Vorsitzender:</td><td></td><td>Todd Martin</td></tr><tr><td class="has-text-align-left" data-align="left">Kassier:</td><td></td><td>Rudi Grichtmaier</td></tr><tr><td class="has-text-align-left" data-align="left">Schriftführer:</td><td></td><td>Alexander Brandstetter</td></tr><tr><td class="has-text-align-left" data-align="left">Sportwart:</td><td></td><td>Stephan Roth</td></tr><tr><td class="has-text-align-left" data-align="left">Jugendleiter:</td><td></td><td>Wolfgang Inninger</td></tr><tr><td class="has-text-align-left" data-align="left">Hafenwart:</td><td></td><td>Klaus Breitlow</td></tr><tr><td class="has-text-align-left" data-align="left"></td><td></td><td></td></tr><tr><td class="has-text-align-left" data-align="left">Umweltschutz-Beauftragter:</td><td></td><td>Peter Wernsdörfer</td></tr></tbody></table></figure>



<h2 class="wp-block-heading">Mitglieder</h2>



<p class="has-text-align-center"><strong>Insgesamt 331 Mitglieder</strong></p>



<figure class="wp-block-table"><table><tbody><tr><td>Erwachsene:</td><td>277</td><td>Weiblich:</td><td>110</td></tr><tr><td>Jugendliche:</td><td>27</td><td>Männlich:</td><td>221</td></tr><tr><td>Kinder:</td><td>27</td><td></td><td></td></tr></tbody></table></figure>



<h2 class="wp-block-heading">Verstorbene Mitglieder</h2>



<figure class="wp-block-table"><table><tbody><tr><td>Anrede</td><td>Vorname</td><td>Nachname</td><td>Geboren</td><td>Verstorben</td></tr><tr><td>Herr</td><td>Josef</td><td>Meltl</td><td>16.12.1938</td><td>15.1.2018</td></tr><tr><td>Herr</td><td>Ernst</td><td>Krattenmacher</td><td>1.1.1958</td><td>15.4.2018</td></tr><tr><td>Herr</td><td>Peter</td><td>Teisl</td><td>14.5.1948</td><td>2.5.2018</td></tr></tbody></table></figure>



<h2 class="wp-block-heading">Beiträge</h2>



<div class="wp-block-query is-layout-flow wp-block-query-is-layout-flow"><ul class="is-flex-container columns-3 wp-block-post-template is-layout-flow wp-block-post-template-is-layout-flow"><li class="wp-block-post post-2497 post type-post status-publish format-standard hentry category-club category-jugend category-regatta tag-c2018">

<div class="wp-block-group" style="padding-top:30px;padding-right:30px;padding-bottom:30px;padding-left:30px"><div class="wp-block-group__inner-container is-layout-flow wp-block-group-is-layout-flow"><h2 class="wp-block-post-title"><a href="https://www.bscf-chiemsee.de/wordpress/?p=2497" target="_self" >Herbstpokal des Südens</a></h2>

<div class="wp-block-post-excerpt"><p class="wp-block-post-excerpt__excerpt">Dem Bernauer Segel-Club e.V. Felden war es eine große Ehre den diesjährigen „Herbstpokal des Südens“ am 20. und 21. Oktober ausrichten zu dürfen. Als kleine Schwester des „Herbstpokals des Nordens“ (Schwerin) bot diese Herbstregatta den Teilnehmern die Möglichkeit ihr Können auf dem Jüngstenboot OPTIMIST unter Beweis zu stellen. Dazu kam die junge Elite dieser Segelklasse&hellip; </p></div>

<div class="wp-block-post-date"><time datetime="2018-10-26T15:56:13+02:00">26. Oktober 2018</time></div></div></div>

</li><li class="wp-block-post post-2127 post type-post status-publish format-standard hentry category-aktuelles category-regatta tag-c2018">

<div class="wp-block-group" style="padding-top:30px;padding-right:30px;padding-bottom:30px;padding-left:30px"><div class="wp-block-group__inner-container is-layout-flow wp-block-group-is-layout-flow"><h2 class="wp-block-post-title"><a href="https://www.bscf-chiemsee.de/wordpress/?p=2127" target="_self" >IKM Z-Jolle</a></h2>

<div class="wp-block-post-excerpt"><p class="wp-block-post-excerpt__excerpt">Herzlichen Glückwunsch an Peter Wernsdörfer und Crew zum Sieg bei der internationalen Klassenmeisterschaft der 20 er Rennjolle. </p></div>

<div class="wp-block-post-date"><time datetime="2018-08-20T06:39:14+02:00">20. August 2018</time></div></div></div>

</li><li class="wp-block-post post-2118 post type-post status-publish format-standard hentry category-aktuelles category-club tag-c2018">

<div class="wp-block-group" style="padding-top:30px;padding-right:30px;padding-bottom:30px;padding-left:30px"><div class="wp-block-group__inner-container is-layout-flow wp-block-group-is-layout-flow"><h2 class="wp-block-post-title"><a href="https://www.bscf-chiemsee.de/wordpress/?p=2118" target="_self" >Kreuz und Quer</a></h2>

<div class="wp-block-post-excerpt"><p class="wp-block-post-excerpt__excerpt">Datum: 21.7.2018, Skippermeeting: 11:30, Start: 12:00 Uhr Meldung unter Menuepunkt &#8218;Regatta&#8216; oder Am Samstag vor Ort. </p></div>

<div class="wp-block-post-date"><time datetime="2018-07-19T22:00:45+02:00">19. Juli 2018</time></div></div></div>

</li><li class="wp-block-post post-2116 post type-post status-publish format-standard hentry category-aktuelles category-regatta tag-c2018">

<div class="wp-block-group" style="padding-top:30px;padding-right:30px;padding-bottom:30px;padding-left:30px"><div class="wp-block-group__inner-container is-layout-flow wp-block-group-is-layout-flow"><h2 class="wp-block-post-title"><a href="https://www.bscf-chiemsee.de/wordpress/?p=2116" target="_self" >Herzlichen Glückwunsch Peter zum blauen Band!</a></h2>

<div class="wp-block-post-excerpt"><p class="wp-block-post-excerpt__excerpt">Die Regatta am 23.06.2018 um das »Blaue Band« des CYC war auch die zweite Regatta der Chiemseemeisterschaft. Das Blaue Band schnappte es sich Peter Wernsdörfer mit seiner Crew. Glückwunsch! </p></div>

<div class="wp-block-post-date"><time datetime="2018-07-05T21:49:21+02:00">5. Juli 2018</time></div></div></div>

</li><li class="wp-block-post post-2107 post type-post status-publish format-standard hentry category-jugend category-regatta tag-29er tag-29er-sailing tag-bscf tag-bscf-jugend tag-c2018 tag-jugend tag-regatta tag-skiff tag-sturm">

<div class="wp-block-group" style="padding-top:30px;padding-right:30px;padding-bottom:30px;padding-left:30px"><div class="wp-block-group__inner-container is-layout-flow wp-block-group-is-layout-flow"><h2 class="wp-block-post-title"><a href="https://www.bscf-chiemsee.de/wordpress/?p=2107" target="_self" >29er LJM Sachsen-Zwenkauer See</a></h2>

<div class="wp-block-post-excerpt"><p class="wp-block-post-excerpt__excerpt">In der zweiten Pfingstferienwoche sind Mirmel und ich mit Mickey und noch zwei anderen Teams nach Leipzig gefahren. Zuerst haben wir drei Tage Training gemacht und dann sind wir am Wochenende noch bei der LJM mitgefahren. Wir haben alle zusammen in einer großen Wohnung direkt neben dem Hafen gewohnt, was echt angenehm war. Obwohl wir&hellip; </p></div>

<div class="wp-block-post-date"><time datetime="2018-06-07T21:09:34+02:00">7. Juni 2018</time></div></div></div>

</li><li class="wp-block-post post-2100 post type-post status-publish format-standard hentry category-aktuelles tag-c2018">

<div class="wp-block-group" style="padding-top:30px;padding-right:30px;padding-bottom:30px;padding-left:30px"><div class="wp-block-group__inner-container is-layout-flow wp-block-group-is-layout-flow"><h2 class="wp-block-post-title"><a href="https://www.bscf-chiemsee.de/wordpress/?p=2100" target="_self" >Nachruf Peter Teisl</a></h2>

<div class="wp-block-post-excerpt"><p class="wp-block-post-excerpt__excerpt">Der Mann der ersten Stunde ist nicht mehr. Peter Teisl, Initiator und Gründungsmitglied des Bernauer Segel-Club e.V. Felden ist verstorben. Im April 1968 sammelte er Gleichgesinnte um sich, um einen Segelverein zu gründen, der für jeden erschwinglich war. Diesen Grundsatz hat er als Erbe dem Verein hinterlassen. Peter Teisl war nicht nur Gründungsmitglied, er führte&hellip; </p></div>

<div class="wp-block-post-date"><time datetime="2018-06-07T11:34:20+02:00">7. Juni 2018</time></div></div></div>

</li></ul></div>

<p>Vorstand 1. Vorsitzender: Gerold Bergen 2. Vorsitzender: Todd Martin Kassier: Rudi Grichtmaier Schriftführer: Alexander Brandstetter Sportwart: Stephan Roth Jugendleiter: Wolfgang Inninger Hafenwart: Klaus Breitlow Umweltschutz-Beauftragter: Peter Wernsdörfer Mitglieder Insgesamt 331 Mitglieder Erwachsene: 277 Weiblich: 110 Jugendliche: 27 Männlich: 221 Kinder: 27 Verstorbene Mitglieder Anrede Vorname Nachname Geboren Verstorben Herr Josef Meltl 16.12.1938 15.1.2018 Herr Ernst [&hellip;]</p>
